b55
In base 2, what is 1001010010011110001 - 1001?
1001010010011101000
In base 5, what is -1 + -23113421?
-23113422
In base 13, what is -c2ca5a1 + 3?
-c2ca59b
In base 7, what is -4320444 + 1464?
-4315650
In base 7, what is -123540 + -244500?
-401340
In base 9, what is 1380016 - -222?
1380238
In base 4, what is 1 + 13101113113331?
13101113113332
In base 9, what is -3134020 - 122?
-3134142
In base 14, what is 98b7a + -59?
98b21
In base 7, what is 10156 - -20406?
30565
In base 15, what is -4 + -6d254e?
-6d2553
In base 6, what is 1225 - 123322?
-122053
In base 3, what is -100 - -10122120011?
10122112211
In base 13, what is 120882a + 11?
120883b
In base 9, what is -56331227 + -3?
-56331231
In base 14, what is 11 - -bcd24c?
bcd25d
In base 4, what is -21 - 1123003301110?
-1123003301131
In base 14, what is 4 + 5d87cb?
5d87d1
In base 6, what is -41150 - -21552?
-15154
In base 10, what is -1 + -4955581?
-4955582
In base 12, what is -7a470 + 39?
-7a433
In base 11, what is -5 + -573aa49?
-573aa53
In base 8, what is -134737501 + 3?
-134737476
In base 12, what is 3 + 403a761?
403a764
In base 7, what is 26 - 306050?
-306021
In base 2, what is 0 + -10110011101001000000110101?
-10110011101001000000110101
In base 11, what is -167 + 7417?
7260
In base 9, what is 62 - -1458256?
1458328
In base 5, what is 14224 - 3440?
10234
In base 14, what is 204 - 12a13?
-1280d
In base 5, what is 11 + 14133402224?
14133402240
In base 9, what is 17485 + -67481?
-48885
In base 6, what is -2230220513 + -1?
-2230220514
In base 11, what is -820 - 10625?
-11345
In base 4, what is 3 - 322213102001?
-322213101332
In base 13, what is 3c74163 - 4?
3c7415c
In base 15, what is 1a3b - -6cc?
2218
In base 9, what is 3081116 - 231?
3080775
In base 2, what is -10 - 10001011111110011111010?
-10001011111110011111100
In base 14, what is -144625 + -147?
-14476c
In base 10, what is 1 + -7634872?
-7634871
In base 9, what is -25033 + 14687?
-10235
In base 16, what is bdf3 - 521?
b8d2
In base 12, what is -8831a + 73b?
-8779b
In base 13, what is -c - -b4b770?
b4b761
In base 7, what is -335516 + -146?
-335665
In base 3, what is 20 + 1202000212121?
1202000212211
In base 8, what is 702 - -2272627?
2273531
In base 5, what is 44430333 + -22?
44430311
In base 3, what is -112 - -1222022100112221?
1222022100112102
In base 14, what is -6 - 1a2d11?
-1a2d17
In base 13, what is -2bb7533 - 36?
-2bb7569
In base 6, what is 4 + 4204240142?
4204240150
In base 11, what is 35aa68 - 326?
35a742
In base 16, what is 5 + 6f292?
6f297
In base 10, what is 163 - 94032?
-93869
In base 16, what is -166f1 + -21d?
-1690e
In base 14, what is -952 + 179cc?
1707a
In base 6, what is -14220031 - 25?
-14220100
In base 15, what is 564 + -248a8?
-24344
In base 13, what is 2071b + 1221?
2193c
In base 5, what is 23 + -21044421?
-21044343
In base 5, what is -112 - 411312322?
-411312434
In base 9, what is 37 - -6830754?
6830802
In base 14, what is -1 + -782571?
-782572
In base 2, what is -101001010010101110110110 - -101?
-101001010010101110110001
In base 14, what is 22 - -c08184?
c081a6
In base 8, what is -35 + 10155107?
10155052
In base 14, what is -406a9 + 15?
-40694
In base 8, what is -13360176 - -3?
-13360173
In base 16, what is 3804beb + 2?
3804bed
In base 16, what is 20aa + -380?
1d2a
In base 3, what is -1122 - 112210202221?
-112210211120
In base 3, what is -1002012011210010 - 10?
-1002012011210020
In base 12, what is -8459 + -5482?
-1191b
In base 7, what is 651653 + -1255?
650365
In base 4, what is -131 - 1121102?
-1121233
In base 15, what is 479eb7 + -2?
479eb5
In base 9, what is -5 - -5173075?
5173070
In base 5, what is -301334342 - 20?
-301334412
In base 12, what is 71204 - -2a?
71232
In base 13, what is -4 + 784c0b?
784c07
In base 7, what is 233126643 + -3?
233126640
In base 3, what is -1112000010 - 2010?
-1112002020
In base 5, what is -4 + -414202123?
-414202132
In base 6, what is 10200055 + -30?
10200025
In base 3, what is -1 - 12202212222001?
-12202212222002
In base 14, what is -2919888 - -19?
-291986d
In base 4, what is -11 - 1310331220?
-1310331231
In base 9, what is -187 + -2431566?
-2431764
In base 5, what is -1201410 - 31133?
-1233043
In base 9, what is 75886 - 4?
75882
In base 15, what is eb8246d - -2?
eb82470
In base 10, what is -1241 - 76801?
-78042
In base 7, what is -2 + -3545053662?
-3545053664
In base 12, what is 356 + 1011b7?
101551
In base 9, what is 73560664 - 10?
73560654
In base 16, what is -14 - 386e6?
-386fa
In base 5, what is -41034 - 4411?
-101000
In base 7, what is 33434335 + 61?
33434426
In base 12, what is 1353bb + 1631?
136a30
In base 3, what is 11 - 11001020221121?
-11001020221110
In base 14, what is -1000 - 22c3d?
-23c3d
In base 13, what is 1 + 457b103?
457b104
In base 9, what is -1 - -5440101?
5440100
In base 9, what is -127 + 3068615?
3068477
In base 11, what is -389776 - 12?
-389788
In base 8, what is -3236543 + 1316?
-3235225
In base 16, what is -2343 + -3974?
-5cb7
In base 6, what is -15 + -22250135?
-22250154
In base 13, what is -1a8 - 91b1b?
-91cc6
In base 8, what is 13 + 14577426?
14577441
In base 6, what is -144511 - -2031?
-142440
In base 4, what is 211210011 + -303?
211203102
In base 14, what is 4 - 93a12?
-93a0c
In base 4, what is 220002 - 10222303?
-10002301
In base 16, what is 156 - -5e52?
5fa8
In base 14, what is 4a6283 - -7c?
4a6321
In base 11, what is 106 - 2741?
-2636
In base 5, what is 11 + -122234221?
-122234210
In base 12, what is -402 - -9115?
8913
In base 2, what is 100111010011000 - 100010000?
100110110001000
In base 4, what is 131213 - -21320123?
22112002
In base 4, what is -202113020321 + -11?
-202113020332
In base 9, what is 365120 + 43?
365163
In base 12, what is 2 + -1186506?
-1186504
In base 4, what is -2231 + -3031131223?
-3031200120
In base 9, what is -34833 - -3?
-34830
In base 11, what is -28125 - -172?
-27a63
In base 15, what is -5 - 291e34?
-291e39
In base 5, what is -3342 + -1233214?
-1242111
In base 4, what is -332132000032 + 11?
-332132000021
In base 7, what is 4 - -62321013?
62321020
In base 8, what is 53677 + 620?
54517
In base 15, what is -61 - -1bc10b5?
1bc1054
In base 6, what is 454311431 + -4?
454311423
In base 14, what is 3c1 - -1274?
1655
In base 11, what is 84 - -4970?
4a44
In base 3, what is 220020 + 10102022110?
10110012200
In base 3, what is 1100121020 + 1201111?
1102022201
In base 10, what is 898943 - 40?
898903
In base 11, what is -66282 + 114?
-66169
In base 16, what is -345eef - 126?
-346015
In base 16, what is 6d9d - 3?
6d9a
In base 13, what is -7538 - 27a?
-77b5
In base 15, what is b198 + 6?
b19e
In base 13, what is 621849 + 43?
62188c
In base 15, what is -595a - -342?
-5618
In base 10, what is 1 - -17620020?
17620021
In base 9, what is -22284 - -112611?
80316
In base 14, what is 26a8330 - -b?
26a833b
In base 5, what is -13313102 - -141?
-13312411
In base 13, what is -6b6 + -51267?
-51950
In base 6, what is 3551504311 - -4?
3551504315
In base 15, what is -130153 + d?
-130145
In base 7, what is -5 + 316435010?
316435002
In base 13, what is 582 - -2172b?
21cb0
In base 12, what is 1 - 513350?
-51334b
In base 5, what is 113322241 - -11102?
113333343
In base 16, what is -7d0d + 1047?
-6cc6
In base 6, what is -13123 - -24053?
10530
In base 5, what is -332 + 42403024?
42402142
In base 16, what is -5 + b624ab6?
b624ab1
In base 16, what is 81b - cae?
-493
In base 14, what is -2 - 2bc4a9d?
-2bc4aa1
In base 16, what is 54ec4c - 0?
54ec4c
In base 9, what is 1 - -15444045?
15444046
In base 4, what is 2212300232 - -12012?
2212312310
In base 10, what is 220836940 - 2?
220836938
In base 4, what is 1131001 + 3310?
1200311
In base 16, what is -2 + -8d029?
-8d02b
In base 5, what is 412 + -22143142?
-22142230
In base 11, what is -77195 - 50?
-77235
In base 16, what is 2 + 18f1ec?
18f1ee
In base 5, what is -42 + 33120411?
33120314
In base 10, what is 8277 + 3365?
11642
In base 9, what is 10 - 1467784?
-1467774
In base 8, what is 1234 - 4334?
-3100
In base 16, what is -12f33ed3 + 3?
-12f33ed0
In base 12, what is -3 - 103089b?
-10308a2
In base 5, what is 24240214 + 10?
24240224
In base 12, what is -12116ab2a - 1?
-12116ab2b
In base 12, what is -322 - -6b354?
6b032
In base 3, what is 1011011011 - -1221001?
1020002012
In base 4, what is -12102020131 + 10?
-12102020121